{"id":30640,"date":"2025-12-16T08:26:34","date_gmt":"2025-12-16T08:26:34","guid":{"rendered":"https:\/\/alfatasarim.net\/adainsaat\/?page_id=30640"},"modified":"2025-12-16T09:49:04","modified_gmt":"2025-12-16T09:49:04","slug":"sektorler","status":"publish","type":"page","link":"https:\/\/www.adainsaat.com\/index.php\/sektorler\/","title":{"rendered":"Sekt\u00f6rler"},"content":{"rendered":"\t\t<div data-elementor-type=\"wp-page\" data-elementor-id=\"30640\" class=\"elementor elementor-30640\" data-elementor-post-type=\"page\">\n\t\t\t\t\r\n\t\t<div class=\"default no-position show_shadow rs-sticky-default elementor-element elementor-element-65b1156 e-flex e-con-boxed e-con e-parent\" data-id=\"65b1156\" data-element_type=\"container\">\n\t\t\t\t\t<div class=\"e-con-inner\">\n\t\t\r\n\t\t<div class=\"default no-position show_shadow rs-sticky-default elementor-element elementor-element-154ece0 e-con-full e-flex e-con e-child\" data-id=\"154ece0\" data-element_type=\"container\" data-settings=\"{&quot;background_background&quot;:&quot;classic&quot;}\">\n\t\t\r\n\t\t\t\t<div class=\"elementor-element elementor-element-fcf8836 elementor-position-top elementor-widget elementor-widget-image-box\" data-id=\"fcf8836\" data-element_type=\"widget\" data-widget_type=\"image-box.default\">\n\t\t\t\t\t<div class=\"elementor-image-box-wrapper\"><figure class=\"elementor-image-box-img\"><img fetchpriority=\"high\" decoding=\"async\" width=\"397\" height=\"226\" src=\"https:\/\/www.adainsaat.com\/wp-content\/uploads\/2025\/12\/s1.webp\" class=\"attachment-full size-full wp-image-30778\" alt=\"\" srcset=\"https:\/\/www.adainsaat.com\/wp-content\/uploads\/2025\/12\/s1.webp 397w, https:\/\/www.adainsaat.com\/wp-content\/uploads\/2025\/12\/s1-300x171.webp 300w, https:\/\/www.adainsaat.com\/wp-content\/uploads\/2025\/12\/s1-352x199.webp 352w\" sizes=\"(max-width: 397px) 100vw, 397px\" \/><\/figure><div class=\"elementor-image-box-content\"><h3 class=\"elementor-image-box-title\">Havalimanlar\u0131<\/h3><p class=\"elementor-image-box-description\">Terminal binalar\u0131, hava taraf\u0131 yap\u0131lar\u0131, kompleks MEP sistemleri ve havaliman\u0131 altyap\u0131 projeleri.<\/p><\/div><\/div>\t\t\t\t<\/div>\n\t\t\r\n\t\t\t\t<div class=\"elementor-element elementor-element-4a4b355 elementor-hidden-desktop elementor-hidden-laptop elementor-hidden-tablet elementor-hidden-mobile elementor-widget elementor-widget-rs-button\" data-id=\"4a4b355\" data-element_type=\"widget\" data-widget_type=\"rs-button.default\">\n\t\t\t\t<div class=\"elementor-widget-container\">\n\t\t\t\t\t\t\t<div class=\"rs-button style3\">\r\n\t\t\t\t\t\t<a class=\"rs-btn\" href=\"https:\/\/alfatasarim.net\/adainsaat\/index.php\/sektorler\/havalimanlari\/\" >\t\r\n\t\t\t\t<span>Detayl\u0131 Bilgi \r\n\t\t\t\t\t\t\t\t<\/span>\r\n\t\t\t<\/a>\r\n\t\t<\/div>\r\n\t\t\t\t<\/div>\n\t\t\t\t<\/div>\n\t\t\t\t<\/div>\n\t\t\r\n\t\t<div class=\"default no-position show_shadow rs-sticky-default elementor-element elementor-element-4d43b2f e-con-full e-flex e-con e-child\" data-id=\"4d43b2f\" data-element_type=\"container\" data-settings=\"{&quot;background_background&quot;:&quot;classic&quot;}\">\n\t\t\r\n\t\t\t\t<div class=\"elementor-element elementor-element-b4a4818 elementor-position-top elementor-widget elementor-widget-image-box\" data-id=\"b4a4818\" data-element_type=\"widget\" data-widget_type=\"image-box.default\">\n\t\t\t\t\t<div class=\"elementor-image-box-wrapper\"><figure class=\"elementor-image-box-img\"><img decoding=\"async\" width=\"397\" height=\"226\" src=\"https:\/\/www.adainsaat.com\/wp-content\/uploads\/2025\/12\/s2.webp\" class=\"attachment-full size-full wp-image-30779\" alt=\"\" srcset=\"https:\/\/www.adainsaat.com\/wp-content\/uploads\/2025\/12\/s2.webp 397w, https:\/\/www.adainsaat.com\/wp-content\/uploads\/2025\/12\/s2-300x171.webp 300w, https:\/\/www.adainsaat.com\/wp-content\/uploads\/2025\/12\/s2-352x199.webp 352w\" sizes=\"(max-width: 397px) 100vw, 397px\" \/><\/figure><div class=\"elementor-image-box-content\"><h3 class=\"elementor-image-box-title\">Hastaneler<\/h3><p class=\"elementor-image-box-description\">\nTemiz odalar, t\u0131bbi altyap\u0131, sa\u011fl\u0131k tesisleri i\u00e7in y\u00fcksek hassasiyetli uygulamalar.<\/p><\/div><\/div>\t\t\t\t<\/div>\n\t\t\r\n\t\t\t\t<div class=\"elementor-element elementor-element-75a5011 elementor-hidden-desktop elementor-hidden-laptop elementor-hidden-tablet elementor-hidden-mobile elementor-widget elementor-widget-rs-button\" data-id=\"75a5011\" data-element_type=\"widget\" data-widget_type=\"rs-button.default\">\n\t\t\t\t<div class=\"elementor-widget-container\">\n\t\t\t\t\t\t\t<div class=\"rs-button style3\">\r\n\t\t\t\t\t\t<a class=\"rs-btn\" href=\"https:\/\/alfatasarim.net\/adainsaat\/index.php\/sektorler\/hastaneler\/\" >\t\r\n\t\t\t\t<span>Detayl\u0131 Bilgi \r\n\t\t\t\t\t\t\t\t<\/span>\r\n\t\t\t<\/a>\r\n\t\t<\/div>\r\n\t\t\t\t<\/div>\n\t\t\t\t<\/div>\n\t\t\t\t<\/div>\n\t\t\r\n\t\t<div class=\"default no-position show_shadow rs-sticky-default elementor-element elementor-element-098cad1 e-con-full e-flex e-con e-child\" data-id=\"098cad1\" data-element_type=\"container\" data-settings=\"{&quot;background_background&quot;:&quot;classic&quot;}\">\n\t\t\r\n\t\t\t\t<div class=\"elementor-element elementor-element-af099ca elementor-position-top elementor-widget elementor-widget-image-box\" data-id=\"af099ca\" data-element_type=\"widget\" data-widget_type=\"image-box.default\">\n\t\t\t\t\t<div class=\"elementor-image-box-wrapper\"><figure class=\"elementor-image-box-img\"><img decoding=\"async\" width=\"397\" height=\"226\" src=\"https:\/\/www.adainsaat.com\/wp-content\/uploads\/2025\/12\/s3.webp\" class=\"attachment-full size-full wp-image-30780\" alt=\"\" srcset=\"https:\/\/www.adainsaat.com\/wp-content\/uploads\/2025\/12\/s3.webp 397w, https:\/\/www.adainsaat.com\/wp-content\/uploads\/2025\/12\/s3-300x171.webp 300w, https:\/\/www.adainsaat.com\/wp-content\/uploads\/2025\/12\/s3-352x199.webp 352w\" sizes=\"(max-width: 397px) 100vw, 397px\" \/><\/figure><div class=\"elementor-image-box-content\"><h3 class=\"elementor-image-box-title\">Enerji ve Akaryak\u0131t \u0130stasyonlar\u0131<\/h3><p class=\"elementor-image-box-description\">\nDepolama tesisleri, boru sistemleri, otomasyon ve enerji sekt\u00f6r\u00fc i\u00e7in EPC uygulamalar\u0131.<\/p><\/div><\/div>\t\t\t\t<\/div>\n\t\t\r\n\t\t\t\t<div class=\"elementor-element elementor-element-4de545d elementor-hidden-desktop elementor-hidden-laptop elementor-hidden-tablet elementor-hidden-mobile elementor-widget elementor-widget-rs-button\" data-id=\"4de545d\" data-element_type=\"widget\" data-widget_type=\"rs-button.default\">\n\t\t\t\t<div class=\"elementor-widget-container\">\n\t\t\t\t\t\t\t<div class=\"rs-button style3\">\r\n\t\t\t\t\t\t<a class=\"rs-btn\" href=\"https:\/\/alfatasarim.net\/adainsaat\/wp-admin\/admin.php?action=dt_duplicate_post_as_draft&#038;post=30769&#038;nonce=0d202b27fa\" >\t\r\n\t\t\t\t<span>Detayl\u0131 Bilgi \r\n\t\t\t\t\t\t\t\t<\/span>\r\n\t\t\t<\/a>\r\n\t\t<\/div>\r\n\t\t\t\t<\/div>\n\t\t\t\t<\/div>\n\t\t\t\t<\/div>\n\t\t\t\t\t<\/div>\n\t\t\t\t<\/div>\n\t\t\r\n\t\t<div class=\"default no-position show_shadow rs-sticky-default elementor-element elementor-element-2229317 e-flex e-con-boxed e-con e-parent\" data-id=\"2229317\" data-element_type=\"container\">\n\t\t\t\t\t<div class=\"e-con-inner\">\n\t\t\r\n\t\t<div class=\"default no-position show_shadow rs-sticky-default elementor-element elementor-element-ce3e272 e-con-full e-flex e-con e-child\" data-id=\"ce3e272\" data-element_type=\"container\" data-settings=\"{&quot;background_background&quot;:&quot;classic&quot;}\">\n\t\t\r\n\t\t\t\t<div class=\"elementor-element elementor-element-3e6307a elementor-position-top elementor-widget elementor-widget-image-box\" data-id=\"3e6307a\" data-element_type=\"widget\" data-widget_type=\"image-box.default\">\n\t\t\t\t\t<div class=\"elementor-image-box-wrapper\"><figure class=\"elementor-image-box-img\"><img loading=\"lazy\" decoding=\"async\" width=\"397\" height=\"226\" src=\"https:\/\/www.adainsaat.com\/wp-content\/uploads\/2025\/12\/s4.webp\" class=\"attachment-full size-full wp-image-30781\" alt=\"\" srcset=\"https:\/\/www.adainsaat.com\/wp-content\/uploads\/2025\/12\/s4.webp 397w, https:\/\/www.adainsaat.com\/wp-content\/uploads\/2025\/12\/s4-300x171.webp 300w, https:\/\/www.adainsaat.com\/wp-content\/uploads\/2025\/12\/s4-352x199.webp 352w\" sizes=\"(max-width: 397px) 100vw, 397px\" \/><\/figure><div class=\"elementor-image-box-content\"><h3 class=\"elementor-image-box-title\">Ticari Binalar<\/h3><p class=\"elementor-image-box-description\">\nFabrikalar, tekstil tesisleri, ofis binalar\u0131 ve perakende tesisleri.<\/p><\/div><\/div>\t\t\t\t<\/div>\n\t\t\r\n\t\t\t\t<div class=\"elementor-element elementor-element-55269b4 elementor-hidden-laptop elementor-hidden-tablet elementor-hidden-mobile elementor-widget elementor-widget-rs-button\" data-id=\"55269b4\" data-element_type=\"widget\" data-widget_type=\"rs-button.default\">\n\t\t\t\t<div class=\"elementor-widget-container\">\n\t\t\t\t\t\t\t<div class=\"rs-button style3\">\r\n\t\t\t\t\t\t<a class=\"rs-btn\" href=\"https:\/\/alfatasarim.net\/adainsaat\/index.php\/sektorler\/ticari-binalar\/\" >\t\r\n\t\t\t\t<span>Detayl\u0131 Bilgi \r\n\t\t\t\t\t\t\t\t<\/span>\r\n\t\t\t<\/a>\r\n\t\t<\/div>\r\n\t\t\t\t<\/div>\n\t\t\t\t<\/div>\n\t\t\t\t<\/div>\n\t\t\r\n\t\t<div class=\"default no-position show_shadow rs-sticky-default elementor-element elementor-element-5594887 e-con-full e-flex e-con e-child\" data-id=\"5594887\" data-element_type=\"container\" data-settings=\"{&quot;background_background&quot;:&quot;classic&quot;}\">\n\t\t\r\n\t\t\t\t<div class=\"elementor-element elementor-element-396c7e7 elementor-position-top elementor-widget elementor-widget-image-box\" data-id=\"396c7e7\" data-element_type=\"widget\" data-widget_type=\"image-box.default\">\n\t\t\t\t\t<div class=\"elementor-image-box-wrapper\"><figure class=\"elementor-image-box-img\"><img fetchpriority=\"high\" decoding=\"async\" width=\"397\" height=\"226\" src=\"https:\/\/www.adainsaat.com\/wp-content\/uploads\/2025\/12\/s1.webp\" class=\"attachment-full size-full wp-image-30778\" alt=\"\" srcset=\"https:\/\/www.adainsaat.com\/wp-content\/uploads\/2025\/12\/s1.webp 397w, https:\/\/www.adainsaat.com\/wp-content\/uploads\/2025\/12\/s1-300x171.webp 300w, https:\/\/www.adainsaat.com\/wp-content\/uploads\/2025\/12\/s1-352x199.webp 352w\" sizes=\"(max-width: 397px) 100vw, 397px\" \/><\/figure><div class=\"elementor-image-box-content\"><h3 class=\"elementor-image-box-title\">Anahtar Teslim EPC<\/h3><p class=\"elementor-image-box-description\">\nM\u00fchendislik \u2022 Tedarik \u2022 \u0130n\u015faat \u2014 kapsaml\u0131 u\u00e7tan uca proje teslimat\u0131.<\/p><\/div><\/div>\t\t\t\t<\/div>\n\t\t\r\n\t\t\t\t<div class=\"elementor-element elementor-element-27341c9 elementor-hidden-desktop elementor-hidden-laptop elementor-hidden-tablet elementor-hidden-mobile elementor-widget elementor-widget-rs-button\" data-id=\"27341c9\" data-element_type=\"widget\" data-widget_type=\"rs-button.default\">\n\t\t\t\t<div class=\"elementor-widget-container\">\n\t\t\t\t\t\t\t<div class=\"rs-button style3\">\r\n\t\t\t\t\t\t<a class=\"rs-btn\" href=\"https:\/\/alfatasarim.net\/adainsaat\/index.php\/sektorler\/anahtar-teslim-epc\/\" >\t\r\n\t\t\t\t<span>Detayl\u0131 Bilgi \r\n\t\t\t\t\t\t\t\t<\/span>\r\n\t\t\t<\/a>\r\n\t\t<\/div>\r\n\t\t\t\t<\/div>\n\t\t\t\t<\/div>\n\t\t\t\t<\/div>\n\t\t\r\n\t\t<div class=\"default no-position show_shadow rs-sticky-default elementor-element elementor-element-fd82efc e-con-full e-flex e-con e-child\" data-id=\"fd82efc\" data-element_type=\"container\" data-settings=\"{&quot;background_background&quot;:&quot;classic&quot;}\">\n\t\t\t\t<\/div>\n\t\t\t\t\t<\/div>\n\t\t\t\t<\/div>\n\t\t\t\t<\/div>\n\t\t","protected":false},"excerpt":{"rendered":"<p>Havalimanlar\u0131 Terminal binalar\u0131, hava taraf\u0131 yap\u0131lar\u0131, kompleks MEP sistemleri ve havaliman\u0131 altyap\u0131 projeleri. Detayl\u0131 Bilgi Hastaneler Temiz odalar, t\u0131bbi altyap\u0131, sa\u011fl\u0131k tesisleri i\u00e7in y\u00fcksek hassasiyetli uygulamalar. Detayl\u0131 Bilgi Enerji ve Akaryak\u0131t \u0130stasyonlar\u0131 Depolama tesisleri, boru sistemleri, otomasyon ve enerji sekt\u00f6r\u00fc i\u00e7in EPC uygulamalar\u0131. Detayl\u0131 Bilgi Ticari Binalar Fabrikalar, tekstil tesisleri, ofis binalar\u0131 ve perakende tesisleri&#8230;.<\/p>\n","protected":false},"author":1,"featured_media":0,"parent":0,"menu_order":0,"comment_status":"closed","ping_status":"closed","template":"","meta":{"footnotes":""},"class_list":["post-30640","page","type-page","status-publish","hentry"],"_links":{"self":[{"href":"https:\/\/www.adainsaat.com\/index.php\/wp-json\/wp\/v2\/pages\/30640","targetHints":{"allow":["GET"]}}],"collection":[{"href":"https:\/\/www.adainsaat.com\/index.php\/wp-json\/wp\/v2\/pages"}],"about":[{"href":"https:\/\/www.adainsaat.com\/index.php\/wp-json\/wp\/v2\/types\/page"}],"author":[{"embeddable":true,"href":"https:\/\/www.adainsaat.com\/index.php\/wp-json\/wp\/v2\/users\/1"}],"replies":[{"embeddable":true,"href":"https:\/\/www.adainsaat.com\/index.php\/wp-json\/wp\/v2\/comments?post=30640"}],"version-history":[{"count":37,"href":"https:\/\/www.adainsaat.com\/index.php\/wp-json\/wp\/v2\/pages\/30640\/revisions"}],"predecessor-version":[{"id":30815,"href":"https:\/\/www.adainsaat.com\/index.php\/wp-json\/wp\/v2\/pages\/30640\/revisions\/30815"}],"wp:attachment":[{"href":"https:\/\/www.adainsaat.com\/index.php\/wp-json\/wp\/v2\/media?parent=30640"}],"curies":[{"name":"wp","href":"https:\/\/api.w.org\/{rel}","templated":true}]}}